0201?
-3212
In base 4, what is -20231 + -110101?
-130332
In base 2, what is 1000101 + -100000001111111?
-100000000111010
In base 5, what is 10 - -2201024?
2201034
In base 7, what is 225 - -1022?
1250
In base 9, what is -2153 + -203?
-2356
In base 13, what is 298c6 - -3?
298c9
In base 7, what is 61 - 413453?
-413362
In base 11, what is -13 + -32271?
-32284
In base 3, what is -12 + -10220001?
-10220020
In base 8, what is -3 - -53657?
53654
In base 13, what is -11ccba0 - -1?
-11ccb9c
In base 13, what is 4c1 + 153?
644
In base 13, what is -a6a + 616?
-454
In base 12, what is 1318b6 + -2?
1318b4
In base 10, what is 3 + 4779?
4782
In base 4, what is -1020 + -333121?
-1000201
In base 8, what is 1774 + -1665?
107
In base 15, what is -1a4 - 9b3?
-b67
In base 3, what is 12 - -110012?
110101
In base 12, what is -230 + 39b3?
3783
In base 11, what is 2 + 49245?
49247
In base 10, what is 0 + -624883?
-624883
In base 12, what is 3 + -2531?
-252a
In base 3, what is -10120 + -122122?
-210012
In base 10, what is -3 + 15334?
15331
In base 2, what is -101111100001101010000 - -101?
-101111100001101001011
In base 6, what is -2 - 3025105?
-3025111
In base 3, what is 222 + -2120111211?
-2120110212
In base 9, what is 8 - -113178?
113187
In base 7, what is -2 - -34565?
34563
In base 11, what is 1 - -55965?
55966
In base 4, what is 2 + 322033?
322101
In base 14, what is c70 + -a1?
bad
In base 11, what is 3 + -4a351?
-4a349
In base 12, what is -6 - 123b8?
-12402
In base 9, what is 14 + 1381?
1405
In base 15, what is 1 - 74e8?
-74e7
In base 7, what is 1 - 25215?
-25214
In base 13, what is -9 + 14bca?
14bc1
In base 12, what is 1084b2 - 8?
1084a6
In base 6, what is -542 - -54425?
53443
In base 4, what is 2123 - -32223?
101012
In base 14, what is -11 + -b761?
-b772
In base 14, what is -1164 + 0?
-1164
In base 11, what is 8548 - 1?
8547
In base 12, what is 3 + 12780?
12783
In base 4, what is -2201123 - -12?
-2201111
In base 9, what is 23868 - -81?
24060
In base 14, what is -9 - 7762?
-776b
In base 9, what is 5 + 6803?
6808
In base 5, what is -1133200 - -2?
-1133143
In base 10, what is -551 + 50?
-501
In base 16, what is -1d9 + -1d?
-1f6
In base 12, what is -5405 - -6?
-53bb
In base 13, what is 66403 + 3?
66406
In base 13, what is aba1b + -5?
aba16
In base 11, what is -187836 + 0?
-187836
In base 7, what is -53 + 50313?
50230
In base 12, what is -39b2 - -5?
-39a9
In base 3, what is -2012120122 + -10?
-2012120202
In base 12, what is 10 + -21046?
-21036
In base 2, what is 100010111000110110 - 100?
100010111000110010
In base 6, what is -322302 - 3?
-322305
In base 5, what is 1333 + 103?
1441
In base 6, what is -2 + -323452?
-323454
In base 14, what is 9ca + -4?
9c6
In base 4, what is -11 - -110322113?
110322102
In base 11, what is 14742 + 5?
14747
In base 6, what is 55 + 22022?
22121
In base 14, what is -d - -1138?
1129
In base 6, what is -1445 - -24?
-1421
In base 12, what is 3824ab + -4?
3824a7
In base 14, what is 3 - bc88?
-bc85
In base 13, what is 33 + 192b?
1961
In base 15, what is -4 + 1c1e?
1c1a
In base 6, what is -11150243 - -5?
-11150234
In base 14, what is -2 - 86302?
-86304
In base 12, what is -51 - -11926?
11895
In base 5, what is 4044012 + 14?
4044031
In base 11, what is 6 + a4100?
a4106
In base 15, what is a + 8d31?
8d3b
In base 2, what is 11111 + 11000101011?
11001001010
In base 12, what is 2 + -237a?
-2378
In base 5, what is 32 + 104143?
104230
In base 2, what is 1011111100011000 + 10?
1011111100011010
In base 9, what is 5 - 62673?
-62667
In base 14, what is 6363 + 38?
639b
In base 15, what is 2 + -39ce?
-39cc
In base 16, what is 9304 + -72?
9292
In base 4, what is -30 + -30233?
-30323
In base 11, what is -78 + -3699?
-3766
In base 11, what is -5 + -19281?
-19286
In base 11, what is -40 + 1179?
1139
In base 15, what is -156 - -b0b?
9a5
In base 16, what is 21a - 38?
1e2
In base 12, what is 481bb - -1?
48200
In base 13, what is -46b - -236?
-235
In base 13, what is -40063 + -4?
-40067
In base 7, what is -45 - -6622?
6544
In base 15, what is 4 - 7dca?
-7dc6
In base 12, what is -3b8 - 264?
-660
In base 2, what is 10011001111100010 - 10001?
10011001111010001
In base 4, what is -1 - -10300320?
10300313
In base 5, what is 1334 - -20434?
22323
In base 16, what is -12 - -2b6f?
2b5d
In base 15, what is -92 + -37d?
-420
In base 9, what is 150 - 610?
-450
In base 9, what is -2 - 117441?
-117443
In base 14, what is 1541 - -a?
154b
In base 15, what is -3 - 1331?
-1334
In base 12, what is -5 - -b935?
b930
In base 5, what is 1100144 - 0?
1100144
In base 9, what is -1246100 + -5?
-1246105
In base 4, what is -22110321 + -102?
-22111023
In base 12, what is 8 + -24758?
-24750
In base 15, what is 82b + -c1?
75a
In base 6, what is 320122 + 11?
320133
In base 15, what is 70c - 86?
676
In base 9, what is 88587 + -1?
88586
In base 13, what is -2 + 368b?
3689
In base 9, what is 5 - 378431?
-378425
In base 10, what is -61 + 1801?
1740
In base 12, what is 4 - 17056?
-17052
In base 10, what is -81 + -74?
-155
In base 6, what is -14 - -45340?
45322
In base 13, what is -21658 + 8?
-21650
In base 15, what is 27 - -3354?
337b
In base 5, what is 242 - 32240?
-31443
In base 12, what is -14547 - -181?
-14386
In base 4, what is -13233321 + 10?
-13233311
In base 8, what is -21350 + -5?
-21355
In base 13, what is 3b834 - -5?
3b839
In base 7, what is -3212 + 41?
-3141
In base 7, what is -46160 + -52?
-46242
In base 9, what is 6 - -4010?
4016
In base 8, what is -5 + -65430?
-65435
In base 12, what is 177b - -14?
1793
In base 15, what is 4 - 1a43e?
-1a43a
In base 15, what is -22a + -5?
-230
In base 4, what is -10030300 + 200?
-10030100
In base 15, what is 4 + -8693?
-868e
In base 5, what is -10 + 323434014?
323434004
In base 8, what is -207 + -2377?
-2606
In base 3, what is -1010011222 - -11?
-1010011211
In base 16, what is 3b2d - -5?
3b32
In base 11, what is 1040968 + -5?
1040963
In base 9, what is 67 - 334?
-256
In base 8, what is -4 - -3541350?
3541344
In base 7, what is 12244 - -442?
13016
In base 11, what is 126029 - -2?
126030
In base 4, what is 300 - -22002032?
22002332
In base 4, what is 1303 - -302012?
303321
In base 13, what is a8b19 - 5?
a8b14
In base 16, what is -92a27 - 0?
-92a27
In base 5, what is -320 + 33234?
32414
In base 12, what is 5 + 8a23?
8a28
In base 16, what is 58 + 2305?
235d
In base 9, what is -13 + 1227025?
1227012
In base 16, what is -1 - 2afc9?
-2afca
In base 5, what is -34402041 + 4?
-34402032
In base 5, what is -1110 + 324242?
323132
In base 4, what is 2 + -1313312?
-1313310
In base 11, what is 0 + 1a00?
1a00
In base 10, what is 7105 + 2?
7107
In base 8, what is -17660 + 24?
-17634
In base 2, what is -1000000110 + -1100001?
-1001100111
In base 5, what is -1132 - 11?
-1143
In base 14, what is 316 - -93?
3a9
In base 16, what is -2c28 + -14?
-2c3c
In base 14, what is -22 + 34aba?
34a98
In base 7, what is -44 - 10150?
-10224
In base 4, what is -2 - -331132?
331130
In base 7, what is 1215 - -21332?
22550
In base 6, what is -1535 + 2012?
33
In base 11, what is -1 - a62a3?
-a62a4
In base 14, what is -3 + 5b60?
5b5b
In base 6, what is 1521302 + 1?
1521303
In base 16, what is -2ac - c9a?
-f46
In base 9, what is 107 + 2043?
2151
In base 14, what is -41 + 205d?
201c
In base 12, what is -213 - -393?
180
In base 14, what is -9065 - 4c?
-90b3
In base 13, what is -8 + -8b8?
-8c3
In base 7, what is -14666400 - 4?
-14666404
In base 15, what is 1140 + 56?
1196
In base 5, what is -10 - -11033?
11023
In base 15, what is 5 + 8ee?
904
In base 9, what is 4058025 + -1?
4058024
In base 6, what is -10002555 + 3?
-10002552
In base 6, what is -114423 - -31?
-114352
In base 10, what is 140 - 21?
119
In base 14, what is -13 - -1510?
14db
In base 9, what is 307132 + 7?
307140
In base 5, what is 12441 - -1041?
14032
In base 15, what is -2 - d4b02?
-d4b04
In base 7, what is -15 - -15211?
15163
In base 12, what is 5 - 1635a9?
-1635a4
In base 13, what is 2b + 4c4?
522
In base 16, what is -f - -15de?
15cf
In base 15, what is 3b - -548?
584
In base 10, what is 1 - 24813?
-24812
In base 13, what is 731 + 2?
733
In base 16, what is 1f8 + 12?
20a
In base 2, what is 10 - 11001110110000011100?
-11001110110000011010
In base 4, what is 1301 - -2023?
3330
In base 6, what is -30451 - 1?
-30452
In base 9, what is -3